at are the prime factors of 1350532?
2, 337633
List the prime factors of 1549544.
2, 109, 1777
List the prime factors of 1720864.
2, 53777
List the prime factors of 1827491.
641, 2851
What are the prime factors of 207265?
5, 41453
List the prime factors of 1501618.
2, 750809
List the prime factors of 1708497.
3, 7, 47, 577
List the prime factors of 778617.
3, 7, 17, 727
What are the prime factors of 1095230?
2, 5, 31, 3533
What are the prime factors of 14356708?
2, 157, 22861
What are the prime factors of 1096784?
2, 13, 5273
List the prime factors of 4819762.
2, 109, 22109
What are the prime factors of 29604716?
2, 101, 127, 577
What are the prime factors of 235993?
409, 577
What are the prime factors of 6776655?
3, 5, 367, 1231
What are the prime factors of 775653?
3, 258551
List the prime factors of 9273519.
3, 157, 6563
What are the prime factors of 1820174?
2, 23, 39569
List the prime factors of 9331998.
2, 3, 13, 181, 661
What are the prime factors of 196700?
2, 5, 7, 281
What are the prime factors of 803710?
2, 5, 179, 449
List the prime factors of 3223255.
5, 7, 19, 37, 131
List the prime factors of 1993713.
3, 664571
List the prime factors of 528105.
3, 5, 17, 19, 109
List the prime factors of 22595562.
2, 3, 11, 139, 821
List the prime factors of 191900.
2, 5, 19, 101
List the prime factors of 304355.
5, 29, 2099
What are the prime factors of 1656460?
2, 5, 13, 23, 277
What are the prime factors of 2665486?
2, 109, 12227
List the prime factors of 1334788.
2, 7, 13, 19, 193
List the prime factors of 738642.
2, 3, 307, 401
What are the prime factors of 2560807?
37, 67, 1033
List the prime factors of 83220.
2, 3, 5, 19, 73
List the prime factors of 24679021.
127, 194323
What are the prime factors of 27192?
2, 3, 11, 103
What are the prime factors of 6530997?
3, 11, 197909
List the prime factors of 1026800.
2, 5, 17, 151
What are the prime factors of 5930334?
2, 3, 36607
What are the prime factors of 1745033?
17, 23, 4463
What are the prime factors of 346155?
3, 5, 47, 491
What are the prime factors of 282764?
2, 223, 317
List the prime factors of 2381657.
2381657
List the prime factors of 236578.
2, 23, 37, 139
List the prime factors of 1333141.
1333141
What are the prime factors of 38426?
2, 19213
What are the prime factors of 538731?
3, 739
What are the prime factors of 5682983?
5682983
List the prime factors of 52910.
2, 5, 11, 13, 37
What are the prime factors of 1651135?
5, 330227
List the prime factors of 318923.
11, 79, 367
What are the prime factors of 229060?
2, 5, 13, 881
What are the prime factors of 13731631?
17, 107, 7549
List the prime factors of 121344.
2, 3, 79
What are the prime factors of 15244707?
3, 19, 267451
What are the prime factors of 2883309?
3, 11, 13, 47
List the prime factors of 217955.
5, 43591
List the prime factors of 430274.
2, 13, 19, 67
List the prime factors of 13816424.
2, 1091, 1583
What are the prime factors of 775868?
2, 31, 6257
What are the prime factors of 328321?
7, 17, 31, 89
List the prime factors of 2308882.
2, 641, 1801
What are the prime factors of 13488458?
2, 6744229
What are the prime factors of 182556?
2, 3, 11, 461
What are the prime factors of 9713212?
2, 2428303
List the prime factors of 8001226.
2, 59, 67807
List the prime factors of 202249.
17, 11897
List the prime factors of 3370629.
3, 73, 15391
What are the prime factors of 766969?
7, 109567
What are the prime factors of 3568911?
3, 1189637
What are the prime factors of 318962?
2, 7, 22783
What are the prime factors of 112592?
2, 31, 227
List the prime factors of 15266556.
2, 3, 47119
What are the prime factors of 2181476?
2, 11, 43, 1153
What are the prime factors of 33584?
2, 2099
List the prime factors of 2563562.
2, 1281781
List the prime factors of 46062.
2, 3, 853
What are the prime factors of 2300872?
2, 7, 181, 227
What are the prime factors of 467307?
3, 137, 379
What are the prime factors of 12883104?
2, 3, 13, 31, 37
List the prime factors of 17625605.
5, 157, 22453
What are the prime factors of 71229?
3, 23743
What are the prime factors of 347178?
2, 3, 13, 4451
What are the prime factors of 1626607?
109, 14923
List the prime factors of 155052.
2, 3, 59, 73
List the prime factors of 1138980.
2, 3, 5, 41, 463
List the prime factors of 54551.
7, 7793
List the prime factors of 1255270.
2, 5, 125527
What are the prime factors of 141906?
2, 3, 67, 353
What are the prime factors of 1897315?
5, 7, 151, 359
List the prime factors of 5228869.
5228869
What are the prime factors of 18007685?
5, 59, 61043
What are the prime factors of 37048335?
3, 5, 2469889
What are the prime factors of 63369?
3, 2347
List the prime factors of 2969838.
2, 3, 43, 1279
List the prime factors of 269943.
3, 17, 67, 79
What are the prime factors of 13242?
2, 3, 2207
What are the prime factors of 250540?
2, 5, 12527
List the prime factors of 582259.
103, 5653
What are the prime factors of 6130080?
2, 3, 5, 11, 43
List the prime factors of 27856165.
5, 5571233
What are the prime factors of 475823?
475823
What are the prime factors of 3632884?
2, 908221
List the prime factors of 29323.
7, 59, 71
List the prime factors of 11360698.
2, 73, 77813
What are the prime factors of 10032277?
10032277
What are the prime factors of 96032?
2, 3001
What are the prime factors of 4218210?
2, 3, 5, 17, 919
What are the prime factors of 3570075?
3, 5, 41, 43
List the prime factors of 5463587.
61, 89567
What are the prime factors of 74322?
2, 3, 4129
List the prime factors of 2663980.
2, 5, 11, 12109
What are the prime factors of 1576989?
3, 19469
What are the prime factors of 180412?
2, 23, 37, 53
What are the prime factors of 34053?
3, 11351
List the prime factors of 153914.
2, 41, 1877
List the prime factors of 259555.
5, 23, 37, 61
List the prime factors of 109318.
2, 11, 4969
List the prime factors of 115069.
23, 5003
What are the prime factors of 1009952?
2, 37, 853
List the prime factors of 807547.
13, 62119
What are the prime factors of 6825910?
2, 5, 7, 13, 577
What are the prime factors of 6359033?
29, 219277
List the prime factors of 10133160.
2, 3, 5, 84443
List the prime factors of 2254587.
3, 751529
List the prime factors of 3979783.
79, 50377
What are the prime factors of 13813490?
2, 5, 1381349
What are the prime factors of 325314?
2, 3, 11, 31, 53
What are the prime factors of 13208331?
3, 1759, 2503
What are the prime factors of 153358?
2, 76679
List the prime factors of 1316464.
2, 82279
List the prime factors of 164753.
67, 2459
What are the prime factors of 2320306?
2, 307, 3779
List the prime factors of 4627199.
89, 51991
What are the prime factors of 4917480?
2, 3, 5, 43, 953
List the prime factors of 9746522.
2, 73, 241, 277
List the prime factors of 161953.
11, 14723
List the prime factors of 1261829.
1261829
List the prime factors of 2566172.
2, 7, 37, 2477
What are the prime factors of 2543116?
2, 31, 20509
List the prime factors of 74377.
74377
List the prime factors of 3818138.
2, 23, 83003
What are the prime factors of 86926?
2, 7, 887
List the prime factors of 55995.
3, 5, 3733
List the prime factors of 1624788.
2, 3, 11, 373
What are the prime factors of 473162?
2, 359, 659
List the prime factors of 5390959.
7, 71, 10847
List the prime factors of 2590312.
2, 323789
List the prime factors of 2361943.
2361943
List the prime factors of 9198391.
41, 224351
List the prime factors of 241251.
3, 29, 47, 59
List the prime factors of 1576018.
2, 788009
List the prime factors of 1264196.
2, 317, 997
What are the prime factors of 288409?
11, 157, 167
What are the prime factors of 5025459?
3, 1213, 1381
List the prime factors of 1524588.
2, 3, 13, 29, 337
What are the prime factors of 1276522?
2, 13, 29, 1693
List the prime factors of 2808707.
11, 37, 67, 103
List the prime factors of 129768.
2, 3, 5407
What are the prime factors of 647467?
691, 937
List the prime factors of 3009923.
7, 19, 53, 61
What are the prime factors of 1023288?
2, 3, 7, 6091
List the prime factors of 636929.
383, 1663
List the prime factors of 2854716.
2, 3, 233, 1021
What are the prime factors of 15327716?
2, 3831929
List the prime factors of 8407894.
2, 11, 17, 22481
List the prime factors of 948178.
2, 7, 11, 47, 131
What are the prime factors of 282065?
5, 7, 8059
